e of 13?
False
Is 126 a factor of 7173?
False
Is 589 a multiple of 29?
False
Is 13843 a multiple of 16?
False
Is 677 a multiple of 17?
False
Does 11 divide 1696?
False
Is 34 a factor of 612?
True
Does 64 divide 4928?
True
Is 4 a factor of 714?
False
Is 4352 a multiple of 4?
True
Does 58 divide 2204?
True
Does 26 divide 247?
False
Is 370 a multiple of 16?
False
Is 14016 a multiple of 32?
True
Is 2233 a multiple of 7?
True
Is 5265 a multiple of 81?
True
Is 26 a factor of 702?
True
Does 39 divide 7628?
False
Does 4 divide 8?
True
Is 15 a factor of 104?
False
Is 8 a factor of 16074?
False
Is 62 a factor of 10301?
False
Is 11 a factor of 935?
True
Is 6222 a multiple of 61?
True
Is 143140 a multiple of 10?
True
Does 102 divide 10028?
False
Is 52 a factor of 11233?
False
Is 2 a factor of 139?
False
Is 1566 a multiple of 8?
False
Is 315 a multiple of 8?
False
Does 16 divide 608?
True
Is 4 a factor of 14?
False
Does 20 divide 11780?
True
Is 2 a factor of 57?
False
Is 3 a factor of 203?
False
Is 21546 a multiple of 63?
True
Is 6916 a multiple of 133?
True
Is 1583 a multiple of 12?
False
Is 19 a factor of 57?
True
Is 1464 a multiple of 12?
True
Does 44 divide 58036?
True
Does 17 divide 62924?
False
Does 4 divide 10191?
False
Is 8 a factor of 25611?
False
Does 4 divide 1452?
True
Does 23 divide 20723?
True
Is 85 a factor of 606?
False
Is 12210 a multiple of 30?
True
Is 34 a factor of 1561?
False
Is 4 a factor of 293?
False
Is 260 a multiple of 10?
True
Is 63 a factor of 16653?
False
Is 118854 a multiple of 37?
False
Is 11985 a multiple of 141?
True
Is 16660 a multiple of 43?
False
Is 24192 a multiple of 189?
True
Is 14 a factor of 557?
False
Does 17 divide 31822?
False
Is 28771 a multiple of 130?
False
Is 31038 a multiple of 13?
False
Is 378 a multiple of 15?
False
Is 1328 a multiple of 18?
False
Does 9 divide 10256?
False
Does 23 divide 2944?
True
Does 10 divide 979?
False
Is 8428 a multiple of 40?
False
Is 7808 a multiple of 128?
True
Is 12 a factor of 14237?
False
Is 35 a factor of 11130?
True
Does 4 divide 15738?
False
Is 1422 a multiple of 18?
True
Is 785 a multiple of 25?
False
Is 55 a factor of 1748?
False
Is 2668 a multiple of 15?
False
Does 65 divide 975?
True
Does 35 divide 150955?
True
Is 20 a factor of 17760?
True
Is 1914 a multiple of 33?
True
Does 105 divide 17580?
False
Is 40 a factor of 668?
False
Does 8 divide 532?
False
Does 80 divide 31725?
False
Is 512 a multiple of 8?
True
Does 42 divide 55398?
True
Does 42 divide 184517?
False
Is 25 a factor of 94760?
False
Is 5641 a multiple of 35?
False
Is 1820 a multiple of 7?
True
Does 12 divide 26041?
False
Does 9 divide 135?
True
Is 119 a factor of 6664?
True
Is 24 a factor of 20725?
False
Is 4705 a multiple of 10?
False
Does 8 divide 115?
False
Does 3 divide 154?
False
Is 4092 a multiple of 12?
True
Is 6 a factor of 528?
True
Does 3 divide 3459?
True
Is 4 a factor of 880?
True
Is 58857 a multiple of 23?
True
Is 54 a factor of 938?
False
Is 29649 a multiple of 74?
False
Is 48 a factor of 2736?
True
Is 62 a factor of 1426?
True
Does 13 divide 3256?
False
Does 4 divide 300?
True
Does 6 divide 13?
False
Is 2170 a multiple of 61?
False
Is 19 a factor of 665?
True
Is 21264 a multiple of 16?
True
Is 672 a multiple of 6?
True
Is 936 a multiple of 104?
True
Is 54 a multiple of 54?
True
Is 58 a factor of 638?
True
Is 80 a factor of 3680?
True
Is 29952 a multiple of 8?
True
Is 1024 even?
True
Is 104 a factor of 6799?
False
Is 2837 a multiple of 39?
False
Is 282 a multiple of 47?
True
Is 25738 a multiple of 10?
False
Is 1044 a multiple of 125?
False
Does 150 divide 14014?
False
Does 10 divide 697?
False
Is 1732 a multiple of 17?
False
Is 47817 a multiple of 231?
True
Is 5 a factor of 189?
False
Is 14 a factor of 19283?
False
Is 8629 a multiple of 127?
False
Does 27 divide 891?
True
Is 4 a factor of 457?
False
Does 7 divide 2338?
True
Is 4838 a multiple of 118?
True
Is 7546 a multiple of 98?
True
Does 2 divide 256?
True
Does 21 divide 219?
False
Does 69 divide 22824?
False
Is 6636 a multiple of 12?
True
Does 9 divide 9365?
False
Is 27 a factor of 9333?
False
Does 10 divide 570?
True
Is 73 a factor of 18688?
True
Is 6930 a multiple of 45?
True
Does 10 divide 160?
True
Does 20 divide 1540?
True
Does 12 divide 7968?
True
Is 4452 a multiple of 12?
True
Does 34 divide 1027?
False
Does 31 divide 17763?
True
Is 76 a factor of 6477?
False
Does 4 divide 1133?
False
Does 33 divide 1980?
True
Does 2 divide 142?
True
Does 68 divide 2788?
True
Is 45180 a multiple of 45?
True
Is 5 a factor of 410?
True
Does 5 divide 1425?
True
Is 3 a factor of 936?
True
Does 23 divide 3890?
False
Is 105 a factor of 278?
False
Is 190 a factor of 50540?
True
Does 10 divide 55406?
False
Is 27 a factor of 56?
False
Is 10 a factor of 26551?
False
Does 51 divide 7110?
False
Does 20 divide 28932?
False
Does 12 divide 3321?
False
Is 32661 a multiple of 171?
True
Does 2 divide 4284?
True
Does 21 divide 3738?
True
Is 13 a factor of 30913?
False
Does 3 divide 96?
True
Does 174 divide 4002?
True
Is 98832 a multiple of 284?
True
Is 3192 a multiple of 35?
False
Does 33 divide 3977?
False
Does 33 divide 4719?
True
Is 507 a multiple of 13?
True
Is 18688 a multiple of 128?
True
Is 98 a factor of 2196?
False
Is 60 a factor of 59760?
True
Does 120 divide 8532?
False
Is 6676 a multiple of 261?
False
Is 939 a multiple of 5?
False
Is 42 a factor of 12852?
True
Is 18018 a multiple of 26?
True
Is 4 a factor of 56?
True
Does 2 divide 1020?
True
Is 34 a factor of 326?
False
Is 1387 a multiple of 5?
False
Does 15 divide 58984?
False
Does 59 divide 1416?
True
Is 10 a factor of 805?
False
Does 20 divide 36681?
False
Does 14 divide 5334?
True
Is 2457 a multiple of 91?
True
Is 33 a factor of 33?
True
Does 8 divide 8720?
True
Is 828 a multiple of 23?
True
Is 29 a factor of 7831?
False
Is 40 a factor of 7400?
True
Is 8 a factor of 2888?
True
Is 25 a factor of 21716?
False
Does 10 divide 5131?
False
Does 8 divide 2499?
False
Is 307 a multiple of 47?
False
Is 704 a multiple of 16?
True
Does 190 divide 5130?
True
Does 38 divide 24586?
True
Is 107 a factor of 6848?
True
Is 20 a factor of 125?
False
Is 5 a factor of 104?
False
Is 30 a multiple of 13?
False
Does 14 divide 101?
False
Does 80 divide 5246?
False
Is 1079 a multiple of 13?
True
Is 25547 a multiple of 34?
False
Does 12 divide 36016?
False
Is 35 a factor of 2380?
True
Is 36 a factor of 25416?
True
Is 31127 a multiple of 19?
False
Does 107 divide 47294?
True
Is 403 a multiple of 13?
True
Does 54 divide 14268?
False
Is 28 a factor of 1484?
True
Is 18 a factor of 36?
True
Is 41 a factor of 982?
False
Is 3731 a multiple of 244?
False
Does 171 divide 24795?
True
Is 7 a factor of 12977?
False
Is 58 a factor of 708?
False
Is 1942 a multiple of 67?
False
Is 7 a factor of 1794?
False
Is 23093 a multiple of 2?
False
Is 12 a factor of 888?
True
Does 5 divide 860?
True
Is 153 a multiple of 9?
True
Is 10628 a multiple of 119?
False
Is 6 a factor of 2784?
True
Does 44 divide 264?
True
Is 274 a factor of 91242?
True
Does 15 divide 2524?
False
Is 28 a factor of 7476?
True
Is 5 a factor of 7705?
True
Does 181 divide 5430?
True
Does 18 divide 2444?
False
Does 250 divide 1215?
False
Is 34 a factor of 5406?
True
Does 189 divide 11529?
True
Is 1329 a multiple of 9?
False
Does 233 divide 90092?
False
Is 51233 a multiple of 30?
False
Is 190 a factor of 95000?
True
Does 14 divide 997?
False
Does 101 divide 7171?
True
Is 20574 a multiple of 127?
True
Is 612 a multiple of 20?
False
Is 5 a factor of 1045?
True
Is 1472 a multiple of 8?
True
Is 512 a multiple of 64?
True
Is 4 a factor of 15573?
False
Is 26 a factor of 1468?
False
Is 364 a multiple of 28?
True
Does 7 divide 1183?
True
Is 22680 a multiple of 28?
True
Is 7 a factor of 29851?
False
Is 131 a factor of 15327?
True
Is 13 a factor of 208?
True
Is 1725 a multiple of 31?
False
Does 48 divide 9360?
True
Is 6 a factor of 1008?
True
Does 55 divide 3575?
True
Is 36 a factor of 2235?
False
Is 27474 a multiple of 9?
False
Is 20 a factor of 15480?
True
Is 7 a factor of 2296?
True
Does 16 divide 181?
False
Is 119 a factor of 1424?
False
Is 17360 a multiple of 70?
True
Does 19 divide 1282?
False
Is 46 a factor of 516?
False
Does 4 divide 477?
False
Does 20 divide 580?
True
Does 8 divide 763